{"id":15,"date":"2022-09-29T09:47:21","date_gmt":"2022-09-29T07:47:21","guid":{"rendered":"http:\/\/lpj.sk\/?page_id=15"},"modified":"2026-03-03T13:10:55","modified_gmt":"2026-03-03T12:10:55","slug":"lpj-s-r-o","status":"publish","type":"page","link":"https:\/\/lpj.sk\/","title":{"rendered":"LPJ s.r.o."},"content":{"rendered":"\n<h1 class=\"wp-block-heading\"><strong>In\u017einiering a stroj\u00e1rska v\u00fdroba<\/strong><\/h1>\n\n\n\n<h2 class=\"wp-block-heading\"><strong>Technick\u00e1 die\u013e\u0148a v Bratislave. Navrhujeme a vyr\u00e1bame rie\u0161enia pre priemysel aj unik\u00e1tne s\u00fa\u010diastky pre jednotlivcov<\/strong><\/h2>\n\n\n\n<div style=\"height:27px\" aria-hidden=\"true\" class=\"wp-block-spacer\"><\/div>\n\n\n\n<div class=\"wp-block-columns is-layout-flex wp-container-core-columns-is-layout-9d6595d7 wp-block-columns-is-layout-flex\">\n<div class=\"wp-block-column is-layout-flow wp-block-column-is-layout-flow\">\n<h3 class=\"wp-block-heading\"><strong>Pre priemysel a firmy (B2B)<\/strong><\/h3>\n\n\n\n<ul class=\"wp-block-list\">\n<li>Ideov\u00fd n\u00e1vrh rie\u0161enia \u00fapravy, opravy<\/li>\n\n\n\n<li>3D n\u00e1vrh rie\u0161enia<\/li>\n\n\n\n<li>Vypracovanie technickej dokument\u00e1cie<\/li>\n\n\n\n<li>Realiz\u00e1cia opravy, \u00fapravy<\/li>\n\n\n\n<li>Pos\u00fadenie a n\u00e1vrh vhodnej technol\u00f3gie opravy \u010di \u00fapravy<\/li>\n\n\n\n<li>N\u00e1vrh a vypracovanie technologick\u00fdch postupov<\/li>\n\n\n\n<li>Vypracovanie zv\u00e1racej dokument\u00e1cie (WPS, WPQR)<\/li>\n\n\n\n<li>Realiz\u00e1cia opr\u00e1v \u010di \u00faprav<\/li>\n\n\n\n<li>Dozor pri zv\u00e1ran\u00ed<\/li>\n\n\n\n<li>NDT sk\u00fa\u0161ky<\/li>\n<\/ul>\n\n\n\n<div class=\"wp-block-buttons is-layout-flex wp-block-buttons-is-layout-flex\">\n<div class=\"wp-block-button is-style-fill\"><a class=\"wp-block-button__link has-midnight-gradient-background has-background wp-element-button\" href=\"mailto:peter.jasko@lpj.sk\">Nap\u00ed\u0161te n\u00e1m<\/a><\/div>\n<\/div>\n<\/div>\n\n\n\n<div class=\"wp-block-column is-layout-flow wp-block-column-is-layout-flow\">\n<h3 class=\"wp-block-heading\"><strong>Pre s\u00fakromn\u00e9 osoby (B2C)<\/strong><\/h3>\n\n\n\n<ul class=\"wp-block-list\">\n<li>Opravy kovov\u00fdch, nerezov\u00fdch, hlin\u00edkov\u00fdch s\u00fa\u010dast\u00ed<\/li>\n\n\n\n<li>v\u00fdroba atypick\u00fdch dielov<\/li>\n\n\n\n<li>z\u00e1kazkov\u00e9 s\u00fastru\u017eenie, fr\u00e9zovanie<\/li>\n\n\n\n<li>zv\u00e1ranie nereze, hlin\u00edku, ne\u017eelezn\u00fdch kovov<\/li>\n\n\n\n<li>opravy zv\u00e1ran\u00edm<\/li>\n<\/ul>\n\n\n\n<div class=\"wp-block-buttons is-layout-flex wp-block-buttons-is-layout-flex\">\n<div class=\"wp-block-button is-style-fill\"><a class=\"wp-block-button__link has-midnight-gradient-background has-background wp-element-button\" href=\"mailto:peter.jasko@lpj.sk\">Nap\u00ed\u0161te n\u00e1m<\/a><\/div>\n<\/div>\n<\/div>\n<\/div>\n\n\n\n<p><\/p>\n","protected":false},"excerpt":{"rendered":"<p>In\u017einiering a stroj\u00e1rska v\u00fdroba Technick\u00e1 die\u013e\u0148a v Bratislave. Navrhujeme a vyr\u00e1bame rie\u0161enia pre priemysel aj unik\u00e1tne s\u00fa\u010diastky pre jednotlivcov Pre priemysel a firmy (B2B) Pre s\u00fakromn\u00e9 osoby (B2C)<\/p>\n","protected":false},"author":1,"featured_media":0,"parent":0,"menu_order":0,"comment_status":"closed","ping_status":"closed","template":"","meta":{"_monsterinsights_skip_tracking":false,"_monsterinsights_sitenote_active":false,"_monsterinsights_sitenote_note":"","_monsterinsights_sitenote_category":0,"footnotes":""},"class_list":["post-15","page","type-page","status-publish","hentry"],"_links":{"self":[{"href":"https:\/\/lpj.sk\/index.php?rest_route=\/wp\/v2\/pages\/15","targetHints":{"allow":["GET"]}}],"collection":[{"href":"https:\/\/lpj.sk\/index.php?rest_route=\/wp\/v2\/pages"}],"about":[{"href":"https:\/\/lpj.sk\/index.php?rest_route=\/wp\/v2\/types\/page"}],"author":[{"embeddable":true,"href":"https:\/\/lpj.sk\/index.php?rest_route=\/wp\/v2\/users\/1"}],"replies":[{"embeddable":true,"href":"https:\/\/lpj.sk\/index.php?rest_route=%2Fwp%2Fv2%2Fcomments&post=15"}],"version-history":[{"count":6,"href":"https:\/\/lpj.sk\/index.php?rest_route=\/wp\/v2\/pages\/15\/revisions"}],"predecessor-version":[{"id":269,"href":"https:\/\/lpj.sk\/index.php?rest_route=\/wp\/v2\/pages\/15\/revisions\/269"}],"wp:attachment":[{"href":"https:\/\/lpj.sk\/index.php?rest_route=%2Fwp%2Fv2%2Fmedia&parent=15"}],"curies":[{"name":"wp","href":"https:\/\/api.w.org\/{rel}","templated":true}]}}